{"id":96,"date":"2019-10-15T17:18:41","date_gmt":"2019-10-15T15:18:41","guid":{"rendered":"http:\/\/pknjrj.opatovska.sk\/?page_id=96"},"modified":"2021-10-14T14:49:24","modified_gmt":"2021-10-14T12:49:24","slug":"exkurzie-vymenne-pobyty","status":"publish","type":"page","link":"https:\/\/pknej.opatovska.sk\/?page_id=96","title":{"rendered":"Exkurzie a v\u00fdmenn\u00e9 pobyty"},"content":{"rendered":"<p style=\"text-align: center;\"><strong><em><span style=\"color: #ff0000;\">\u0160tudova\u0165 a pracova\u0165 v Eur\u00f3pe<\/span><\/em><\/strong><\/p>\n<p>V r\u00e1mci projektu\u00a0<strong><em><span style=\"color: #ff0000;\">\u0160tudova\u0165 a\u00a0pracova\u0165 v\u00a0Eur\u00f3pe<\/span>,<\/em><\/strong>\u00a0realizovanom v programe\u00a0Erasmus+,\u00a0 skupina na\u0161ich pedag\u00f3gov vycestovala do\u00a0<span style=\"color: #ff0000;\">Augsburgu<\/span>, kde nav\u0161t\u00edvila partnersk\u00fa \u0161kolu\u00a0<span style=\"color: #ff0000;\">Peutinger &#8211; Gymnasium, Augsburg<\/span>. U\u010ditelia sa stretli so \u017eiakmi \u0161koly na pracovnom semin\u00e1ri, ktor\u00fd bol venovan\u00fd mo\u017enostiam univerzitn\u00e9ho \u0161t\u00fadia na Slovensku i\u00a0v\u00a0Nemecku. Taktie\u017e sa z\u00fa\u010dastnili stretnutia s\u00a0riadite\u013eom Agsburgsk\u00e9ho gymn\u00e1zia, na ktorom prebehla v\u00fdmena inform\u00e1ci\u00ed o stave spolo\u010dn\u00e9ho projektu a\u00a0pl\u00e1novanie bud\u00facej spolupr\u00e1ce. Jej v\u00fdsledkom bude v\u00a0apr\u00edli 2022 mobilita skupiny 14 \u017eiakov na\u0161ej \u0161koly do Augsburgu a\u00a0\u010fal\u0161ie partnersk\u00e9 v\u00fdmeny \u017eiakov.<\/p>\n<p style=\"text-align: center;\"><strong>V\u00fdmenn\u00fd pobyt s Augsburgom\u00a0<\/strong><\/p>\n<p><a href=\"http:\/\/pknjrj.opatovska.sk\/wp-content\/uploads\/2019\/10\/AUG_2.jpg\"><img loading=\"lazy\" decoding=\"async\" class=\"size-medium wp-image-196 aligncenter\" src=\"http:\/\/pknjrj.opatovska.sk\/wp-content\/uploads\/2019\/10\/AUG_2-300x199.jpg\" alt=\"\" width=\"300\" height=\"199\" srcset=\"https:\/\/pknej.opatovska.sk\/wp-content\/uploads\/2019\/10\/AUG_2-300x199.jpg 300w, https:\/\/pknej.opatovska.sk\/wp-content\/uploads\/2019\/10\/AUG_2-768x509.jpg 768w, https:\/\/pknej.opatovska.sk\/wp-content\/uploads\/2019\/10\/AUG_2-1024x678.jpg 1024w, https:\/\/pknej.opatovska.sk\/wp-content\/uploads\/2019\/10\/AUG_2-1546x1024.jpg 1546w, https:\/\/pknej.opatovska.sk\/wp-content\/uploads\/2019\/10\/AUG_2-618x409.jpg 618w, https:\/\/pknej.opatovska.sk\/wp-content\/uploads\/2019\/10\/AUG_2-444x294.jpg 444w\" sizes=\"auto, (max-width: 300px) 100vw, 300px\" \/><\/a><\/p>\n<p>7. -8. Novembra 2019 n\u00e1s nav\u0161t\u00edvili z\u00e1stupcovia na\u0161ej partnerskej \u0161koly\u00a0<strong>Peutinger Gymnasium z Augsburgu, <\/strong>aby sme podrobnej\u0161ie pripravili a prejednali detaily a d\u00f4le\u017eit\u00e9 term\u00edny u\u017e dlh\u0161ie pripravovan\u00e9ho v\u00fdmenn\u00e9ho pobytu. Rozhovory boli veden\u00e9\u00a0 vo ve\u013emi pr\u00edjemnej a priate\u013eskej atmosf\u00e9re, na ktor\u00fdch bola slovensk\u00e1 strana zast\u00fapen\u00e1 na\u0161ou pani riadite\u013ekou &#8211; <strong>pani Lenkou H\u00e9zselyovou<\/strong> a nemeck\u00e1 strana <strong>p\u00e1nom Stephanom Dippoltom<\/strong>.\u00a0 Na z\u00e1klade rozhovorov bude ma\u0165 slovensk\u00e1 strana, tak ako aj viacer\u00ed slovensk\u00ed \u0161tudenti, mo\u017enos\u0165 v apr\u00edli 2019 str\u00e1vi\u0165 t\u00fd\u017ede\u0148 v Augsburgu ako hos\u0165 a z\u00fa\u010dastni\u0165 sa u\u017e napl\u00e1novan\u00fdch\u00a0 projektov\u00fdch \u00faloh\u00a0 .<\/p>\n<p><a href=\"http:\/\/pknjrj.opatovska.sk\/wp-content\/uploads\/2019\/10\/AUG_3.jpg\"><img loading=\"lazy\" decoding=\"async\" class=\"alignnone size-medium wp-image-197\" src=\"http:\/\/pknjrj.opatovska.sk\/wp-content\/uploads\/2019\/10\/AUG_3-300x199.jpg\" alt=\"\" width=\"300\" height=\"199\" srcset=\"https:\/\/pknej.opatovska.sk\/wp-content\/uploads\/2019\/10\/AUG_3-300x199.jpg 300w, https:\/\/pknej.opatovska.sk\/wp-content\/uploads\/2019\/10\/AUG_3-768x509.jpg 768w, https:\/\/pknej.opatovska.sk\/wp-content\/uploads\/2019\/10\/AUG_3-1024x678.jpg 1024w, https:\/\/pknej.opatovska.sk\/wp-content\/uploads\/2019\/10\/AUG_3-1546x1024.jpg 1546w, https:\/\/pknej.opatovska.sk\/wp-content\/uploads\/2019\/10\/AUG_3-618x409.jpg 618w, https:\/\/pknej.opatovska.sk\/wp-content\/uploads\/2019\/10\/AUG_3-444x294.jpg 444w\" sizes=\"auto, (max-width: 300px) 100vw, 300px\" \/><\/a><\/p>\n<p><a href=\"http:\/\/pknjrj.opatovska.sk\/wp-content\/uploads\/2019\/10\/AUG_1.jpg\"><img loading=\"lazy\" decoding=\"async\" class=\"size-medium wp-image-195 alignleft\" src=\"http:\/\/pknjrj.opatovska.sk\/wp-content\/uploads\/2019\/10\/AUG_1-199x300.jpg\" alt=\"\" width=\"199\" height=\"300\" srcset=\"https:\/\/pknej.opatovska.sk\/wp-content\/uploads\/2019\/10\/AUG_1-199x300.jpg 199w, https:\/\/pknej.opatovska.sk\/wp-content\/uploads\/2019\/10\/AUG_1-768x1160.jpg 768w, https:\/\/pknej.opatovska.sk\/wp-content\/uploads\/2019\/10\/AUG_1-678x1024.jpg 678w, https:\/\/pknej.opatovska.sk\/wp-content\/uploads\/2019\/10\/AUG_1-618x933.jpg 618w, https:\/\/pknej.opatovska.sk\/wp-content\/uploads\/2019\/10\/AUG_1-294x444.jpg 294w\" sizes=\"auto, (max-width: 199px) 100vw, 199px\" \/><\/a><\/p>\n\n\n<p class=\"wp-block-paragraph\"><\/p>\n","protected":false},"excerpt":{"rendered":"<p>\u0160tudova\u0165 a pracova\u0165 v Eur\u00f3pe V r\u00e1mci projektu\u00a0\u0160tudova\u0165 a\u00a0pracova\u0165 v\u00a0Eur\u00f3pe,\u00a0realizovanom v programe\u00a0Erasmus+,\u00a0 skupina na\u0161ich pedag\u00f3gov vycestovala do\u00a0Augsburgu, kde nav\u0161t\u00edvila partnersk\u00fa \u0161kolu\u00a0Peutinger &#8211; Gymnasium, Augsburg. U\u010ditelia sa stretli so \u017eiakmi \u0161koly na pracovnom semin\u00e1ri, ktor\u00fd bol venovan\u00fd mo\u017enostiam univerzitn\u00e9ho \u0161t\u00fadia na Slovensku i\u00a0v\u00a0Nemecku. Taktie\u017e sa z\u00fa\u010dastnili stretnutia s\u00a0riadite\u013eom Agsburgsk\u00e9ho gymn\u00e1zia, na ktorom prebehla v\u00fdmena inform\u00e1ci\u00ed o [&hellip;]<\/p>\n","protected":false},"author":1,"featured_media":0,"parent":0,"menu_order":0,"comment_status":"closed","ping_status":"closed","template":"","meta":{"footnotes":""},"class_list":["post-96","page","type-page","status-publish","hentry"],"_links":{"self":[{"href":"https:\/\/pknej.opatovska.sk\/index.php?rest_route=\/wp\/v2\/pages\/96","targetHints":{"allow":["GET"]}}],"collection":[{"href":"https:\/\/pknej.opatovska.sk\/index.php?rest_route=\/wp\/v2\/pages"}],"about":[{"href":"https:\/\/pknej.opatovska.sk\/index.php?rest_route=\/wp\/v2\/types\/page"}],"author":[{"embeddable":true,"href":"https:\/\/pknej.opatovska.sk\/index.php?rest_route=\/wp\/v2\/users\/1"}],"replies":[{"embeddable":true,"href":"https:\/\/pknej.opatovska.sk\/index.php?rest_route=%2Fwp%2Fv2%2Fcomments&post=96"}],"version-history":[{"count":8,"href":"https:\/\/pknej.opatovska.sk\/index.php?rest_route=\/wp\/v2\/pages\/96\/revisions"}],"predecessor-version":[{"id":410,"href":"https:\/\/pknej.opatovska.sk\/index.php?rest_route=\/wp\/v2\/pages\/96\/revisions\/410"}],"wp:attachment":[{"href":"https:\/\/pknej.opatovska.sk\/index.php?rest_route=%2Fwp%2Fv2%2Fmedia&parent=96"}],"curies":[{"name":"wp","href":"https:\/\/api.w.org\/{rel}","templated":true}]}}

Exkurzie a výmenné pobyty

<p style="text-align: center;"><strong><em><span style="color: #ff0000;">Študovať a pracovať v Európe</span></em></strong></p>
<p>V rámci projektu <strong><em><span style="color: #ff0000;">Študovať a pracovať v Európe</span>,</em></strong> realizovanom v programe Erasmus+,  skupina našich pedagógov vycestovala do <span style="color: #ff0000;">Augsburgu</span>, kde navštívila partnerskú školu <span style="color: #ff0000;">Peutinger &#8211; Gymnasium, Augsburg</span>. Učitelia sa stretli so žiakmi školy na pracovnom seminári, ktorý bol venovaný možnostiam univerzitného štúdia na Slovensku i v Nemecku. Taktiež sa zúčastnili stretnutia s riaditeľom Agsburgského gymnázia, na ktorom prebehla výmena informácií o stave spoločného projektu a plánovanie budúcej spolupráce. Jej výsledkom bude v apríli 2022 mobilita skupiny 14 žiakov našej školy do Augsburgu a ďalšie partnerské výmeny žiakov.</p>
<p style="text-align: center;"><strong>Výmenný pobyt s Augsburgom </strong></p>
<p><a href="http://pknjrj.opatovska.sk/wp-content/uploads/2019/10/AUG_2.jpg"><img loading="lazy" decoding="async" class="size-medium wp-image-196 aligncenter" src="http://pknjrj.opatovska.sk/wp-content/uploads/2019/10/AUG_2-300x199.jpg" alt="" width="300" height="199" srcset="https://pknej.opatovska.sk/wp-content/uploads/2019/10/AUG_2-300x199.jpg 300w, https://pknej.opatovska.sk/wp-content/uploads/2019/10/AUG_2-768x509.jpg 768w, https://pknej.opatovska.sk/wp-content/uploads/2019/10/AUG_2-1024x678.jpg 1024w, https://pknej.opatovska.sk/wp-content/uploads/2019/10/AUG_2-1546x1024.jpg 1546w, https://pknej.opatovska.sk/wp-content/uploads/2019/10/AUG_2-618x409.jpg 618w, https://pknej.opatovska.sk/wp-content/uploads/2019/10/AUG_2-444x294.jpg 444w" sizes="auto, (max-width: 300px) 100vw, 300px" /></a></p>
<p>7. -8. Novembra 2019 nás navštívili zástupcovia našej partnerskej školy <strong>Peutinger Gymnasium z Augsburgu, </strong>aby sme podrobnejšie pripravili a prejednali detaily a dôležité termíny už dlhšie pripravovaného výmenného pobytu. Rozhovory boli vedené  vo veľmi príjemnej a priateľskej atmosfére, na ktorých bola slovenská strana zastúpená našou pani riaditeľkou &#8211; <strong>pani Lenkou Hézselyovou</strong> a nemecká strana <strong>pánom Stephanom Dippoltom</strong>.  Na základe rozhovorov bude mať slovenská strana, tak ako aj viacerí slovenskí študenti, možnosť v apríli 2019 stráviť týždeň v Augsburgu ako hosť a zúčastniť sa už naplánovaných  projektových úloh  .</p>
<p><a href="http://pknjrj.opatovska.sk/wp-content/uploads/2019/10/AUG_3.jpg"><img loading="lazy" decoding="async" class="alignnone size-medium wp-image-197" src="http://pknjrj.opatovska.sk/wp-content/uploads/2019/10/AUG_3-300x199.jpg" alt="" width="300" height="199" srcset="https://pknej.opatovska.sk/wp-content/uploads/2019/10/AUG_3-300x199.jpg 300w, https://pknej.opatovska.sk/wp-content/uploads/2019/10/AUG_3-768x509.jpg 768w, https://pknej.opatovska.sk/wp-content/uploads/2019/10/AUG_3-1024x678.jpg 1024w, https://pknej.opatovska.sk/wp-content/uploads/2019/10/AUG_3-1546x1024.jpg 1546w, https://pknej.opatovska.sk/wp-content/uploads/2019/10/AUG_3-618x409.jpg 618w, https://pknej.opatovska.sk/wp-content/uploads/2019/10/AUG_3-444x294.jpg 444w" sizes="auto, (max-width: 300px) 100vw, 300px" /></a></p>
<p><a href="http://pknjrj.opatovska.sk/wp-content/uploads/2019/10/AUG_1.jpg"><img loading="lazy" decoding="async" class="size-medium wp-image-195 alignleft" src="http://pknjrj.opatovska.sk/wp-content/uploads/2019/10/AUG_1-199x300.jpg" alt="" width="199" height="300" srcset="https://pknej.opatovska.sk/wp-content/uploads/2019/10/AUG_1-199x300.jpg 199w, https://pknej.opatovska.sk/wp-content/uploads/2019/10/AUG_1-768x1160.jpg 768w, https://pknej.opatovska.sk/wp-content/uploads/2019/10/AUG_1-678x1024.jpg 678w, https://pknej.opatovska.sk/wp-content/uploads/2019/10/AUG_1-618x933.jpg 618w, https://pknej.opatovska.sk/wp-content/uploads/2019/10/AUG_1-294x444.jpg 294w" sizes="auto, (max-width: 199px) 100vw, 199px" /></a></p>


<p class="wp-block-paragraph"></p>

<p>Študovať a pracovať v Európe V rámci projektu Študovať a pracovať v Európe, realizovanom v programe Erasmus+,  skupina našich pedagógov vycestovala do Augsburgu, kde navštívila partnerskú školu Peutinger &#8211; Gymnasium, Augsburg. Učitelia sa stretli so žiakmi školy na pracovnom seminári, ktorý bol venovaný možnostiam univerzitného štúdia na Slovensku i v Nemecku. Taktiež sa zúčastnili stretnutia s riaditeľom Agsburgského gymnázia, na ktorom prebehla výmena informácií o [&hellip;]</p>
